g - 74, 4*h - 80 = 2*g. What is the highest common factor of u and h?
9
Let a = -61 - -37. Suppose -4*q - 136 = -0*q. Let x = a - q. What is the highest common factor of 4 and x?
2
Suppose 3*h + 76 = 7. Let n be 4/6*(7 - h). Let r be (1 - 0)*(n + -5). What is the greatest common factor of r and 135?
15
Suppose -f - 11 = -4*k, -3*k - 2*f + 32 = 2*f. Let m(c) = 2 + 12*c + 2 - k. Let y be m(6). Calculate the highest common factor of 8 and y.
8
Let f = -6 - -76. What is the greatest common factor of 14 and f?
14
Let x = -2 + 2. Suppose y + 0*y + 2 = x, -b - 3*y - 4 = 0. Suppose -b*w - 28 = -2*v + v, -5*v - 4*w = -98. What is the highest common divisor of v and 2?
2
Let v = 123 + -115. Calculate the highest common divisor of 64 and v.
8
Let j = -406 + 162. Let p = j - -364. What is the greatest common divisor of 15 and p?
15
Let t be 26/(-117) + 542/9. Suppose 7*c = 2*c + t. What is the greatest common factor of c and 108?
12
Let z(w) = 8*w - 93. Let g be z(14). Calculate the highest common divisor of g and 133.
19
Let a(g) = -2*g**3 - 6*g**2 + 10*g + 9. Let y be a(-6). What is the greatest common factor of 66 and y?
33
Let m = 2 - 0. Suppose -m*x = -4*x + 192. Suppose 288 = 3*w + 4*z, -w + 0*z = z - x. Calculate the highest common divisor of w and 12.
12
Let b = 22 - 2. Calculate the greatest common divisor of b and 5.
5
Let k = 4 - 1. Suppose k*z + 3*a = 0, z + 2*a - 15 = 4*z. Let c be 3/(-9) + (-58)/z. Calculate the highest common divisor of 152 and c.
19
Suppose -3*l = 3*h - 12, 9 = -3*h + 4*l + 42. Suppose -3*y = 4*x - 5*x, 4*y + 3*x - 13 = 0. What is the greatest common divisor of y and h?
1
Suppose 2*u - 40 = 7*u. Let y(i) = i**2 + 7*i - 2. Let j be y(u). Suppose 0 = -0*d + 4*d - 168. What is the greatest common factor of d and j?
6
Let d = -414 - -582. Let i be (-1)/(-3) + -2 + (-231)/(-9). Calculate the highest common divisor of d and i.
24
Let j = 3 - 10. Let g(t) = 2 - 7 + 1 - t. Let y be g(j). Calculate the greatest common divisor of 1 and y.
1
Suppose 21 = n + 4*n + 4*q, -3*n - 2*q + 13 = 0. What is the greatest common divisor of n and 10?
5
Suppose 37 = 3*a + 7. What is the highest common factor of 30 and a?
10
Let z = -17 + 12. Let d = z + 7. Suppose -d*v = -3*l + 158 + 138, -l + 104 = -2*v. What is the highest common divisor of l and 12?
12
Let r(p) = 12*p - 12. Let o be r(2). Calculate the highest common factor of o and 12.
12
Let x = 13 - -16. Suppose -4*r + k + 2 + 19 = 0, 5*r = 4*k + x. Suppose 4*n - 79 = r. What is the greatest common divisor of 7 and n?
7
Suppose 2*s - 25 = s. Suppose 0*k + s = k. What is the highest common factor of 5 and k?
5
Suppose 0 = -6*h + h + 535. Let f = h - 59. Suppose 6*v = v - 3*w + 75, 4*v + 3*w - 63 = 0. What is the greatest common factor of f and v?
12
Let y be 1*(-3 - (18 + -3)). Let n = 25 + -38. Let l = n - y. Calculate the greatest common factor of 55 and l.
5
Let j(p) = 2*p + 2 + 0 - 6 + 2 + 19*p**2. Let x(g) = -g + 2. Let k be x(4). Let o be j(k). What is the highest common factor of 28 and o?
14
Let g(m) = 8*m - 46. Let w be g(13). What is the highest common factor of w and 29?
29
Let z be 2 + (1 - 1) + -449. Let s = -300 - z. Let w = -21 + s. Calculate the highest common factor of w and 14.
14
Let j be (1/(-2))/((-10)/(-260)). Let m(o) = -o**2 - 13*o + 13. Let q be m(j). Calculate the greatest common factor of 117 and q.
13
Suppose -17*h - 32 = -21*h. What is the greatest common factor of 128 and h?
8
Let v(c) = 2*c - 6. Let f be ((-2)/6)/((-3)/36). Let i be v(f). Let w be (-1 - -3)*i/4. What is the greatest common divisor of 1 and w?
1
Let m = 82 + -50. Let b(u) = -3*u - 1. Let n(t) = -13*t - 5. Let x(z) = -18*b(z) + 4*n(z). Let g be x(3). Calculate the greatest common divisor of m and g.
4
Let i = 115 - 15. Let g be i - (0/(-3))/3. What is the greatest common divisor of g and 25?
25
Let a = 42 - -39. What is the greatest common divisor of a and 9?
9
Suppose -4*v + 24 = -v + 3*q, 0 = -3*v + 2*q + 4. Suppose -21 = -v*s - 3*z + 24, -2*z = 2. What is the greatest common divisor of 8 and s?
4
Let b be 2*2/4*5. Suppose -64 - 16 = -b*c. What is the greatest common divisor of c and 4?
4
Let p(r) = 20*r**3 - r**2 - r + 1. Let w be p(1). What is the greatest common divisor of 209 and w?
19
Let a = 96 - 83. Let w be 1/(-1 + 2) - -51. Calculate the highest common factor of w and a.
13
Suppose 5*k - 58 = -2*u + k, -2*u + 18 = -4*k. Let f = -1 - 4. Let i(o) = -10*o + 7. Let v be i(f). Calculate the highest common divisor of u and v.
19
Let u = -11 + 43. Let d be u/6 - 6/(-9). Let k = 59 - 17. What is the greatest common divisor of k and d?
6
Let z = 18 + -3. Suppose 3*x + 6 = -5*p, p = 4*x - 0*p - z. Calculate the greatest common divisor of x and 3.
3
Let j(f) = 2*f**2 + 13*f + 2. Let z be j(-10). Calculate the greatest common divisor of 8 and z.
8
Suppose z = -3*z + 12. Suppose -z*v = -6*v. Suppose -6*q + 7*q - 10 = v. What is the greatest common divisor of q and 40?
10
Suppose -5*v + 109 = 24. Suppose -2*n - v = -19. Calculate the greatest common divisor of n and 8.
1
Let t be (-2)/8 + 4041/36. What is the greatest common divisor of t and 56?
56
Suppose 2*m - 59 = 5*l - 0*l, -2*m = -2*l - 62. Let x be -3 + (-6 - -3) - -22. Calculate the greatest common factor of x and m.
16
Let y = 285 - 278. Suppose 2*o + 5*i + 85 = 7*o, -o - 5*i = 1. Suppose 4*g = c, 2*g - 2*c - 2*c = -o. What is the highest common factor of g and y?
1
Let l = -14 - -30. Suppose 119 - 439 = -5*k. What is the greatest common divisor of k and l?
16
Let n be 4/3*9/6. Suppose 3*s = n*w + 9, -2 = 4*s + 6*w - 4*w. Let g(l) = 7*l**3 + l. Let y be g(s). Calculate the highest common divisor of y and 64.
8
Let m = 4 - -2. Let x be 6 + 3/(0 + 1). Let q(d) = d - 3. Let v be q(x). Calculate the greatest common factor of m and v.
6
Let m be 645/24 + (-5)/(-40). Suppose 0 = -3*a + 2*b + 883, -5*b - 1168 = -5*a + a. What is the highest common divisor of a and m?
27
Suppose 3*b + b - 36 = 0. Let x = b + -8. Calculate the greatest common factor of 2 and x.
1
Let t = -28 - -40. Calculate the greatest common divisor of t and 4.
4
Suppose 3*o + o = 16. Let n be (-2)/((-7 + o)/3). Calculate the highest common factor of 18 and n.
2
Let s = 11 + -7. Let d = 7 - s. What is the highest common factor of d and 6?
3
Let q = -9 - -3. Let a(k) = -3*k - 6. Let w be a(q). What is the highest common divisor of w and 24?
12
Suppose y + 3185 = -3*y - 5*o, 4*y + 4*o = -3184. Let z = -520 - y. Calculate the highest common factor of z and 25.
25
Let g be (-8)/6*(-6)/4. Suppose 0 = -6*c + g*c + 260. Calculate the greatest common factor of 26 and c.
13
Suppose r - 30 = s + 1, -r = 2*s - 28. Let c = -21 + 38. Let p = r - c. What is the greatest common divisor of 13 and p?
13
Suppose 10 = -2*g + 54. What is the highest common divisor of 110 and g?
22
Suppose 3*o - 254 = 5*m, -5*o + 9 = 3*m + 141. Let i = m + 69. What is the greatest common factor of i and 20?
20
Suppose 0 = 3*q + 3 - 39. Suppose 328 = 4*y + 4*w, 0*w = -4*y - 5*w + 326. Calculate the highest common factor of q and y.
12
Suppose 0 = 6*o - 106 - 206. Calculate the greatest common factor of o and 130.
26
Suppose -d - 54 = -3*d - 4*n, 2*d = 2*n + 60. Calculate the greatest common divisor of d and 116.
29
Let k = 17 + -7. Suppose 6*p - 3*p - 9 = 0. Suppose -2*n + 5*a + 105 = 0, -3*n - 2*a + p*a + 151 = 0. What is the highest common factor of k and n?
10
Let b(s) be the third derivative of -37*s**4/24 - s**3/3 - 4*s**2. Let j be b(-2). What is the highest common divisor of 24 and j?
24
Suppose -17*n - 20 = -21*n. Calculate the highest common factor of n and 35.
5
Suppose 13 = -4*l - 15. Let a = 10 + l. Suppose 11 = 2*w - 7. What is the highest common factor of a and w?
3
Suppose -343 = -2*d + 105. Calculate the greatest common divisor of d and 28.
28
Suppose 12*p = 332 + 628. Let n be (-12)/(-4) + (-58)/(-2). What is the greatest common factor of p and n?
16
Let x = 50 - 22. What is the highest common divisor of x and 140?
28
Let k(y) = 2*y**2 - 9*y - 6. Let x be 54/4*(-2)/(-3). Let u be k(x). Suppose 0 = 5*l - 137 - 13. Calculate the highest common factor of l and u.
15
Let u(w) = -w**3 + 9*w**2 + w - 2. Let b be u(9). Let j(f) = f**2 - 4*f + 3. Let i be j(-4). What is the greatest common factor of i and 